{"id":13,"date":"2021-07-02T08:36:33","date_gmt":"2021-07-02T06:36:33","guid":{"rendered":"https:\/\/www.centresocial-lagrandcroix.fr\/?page_id=13"},"modified":"2021-07-02T08:36:33","modified_gmt":"2021-07-02T06:36:33","slug":"lassociation","status":"publish","type":"page","link":"https:\/\/www.2riv.fr\/index.php\/lassociation\/","title":{"rendered":"L&rsquo;association"},"content":{"rendered":"\n<h2 class=\"wp-block-heading\">Les administrateurs<\/h2>\n\n\n\n<p>Mr PITIOT Emmanuel &gt;&gt; Pr\u00e9sident<\/p>\n\n\n\n<p>Madame HADJ &#8211; AZZEM Souhila &gt;&gt;Vice -Pr\u00e9sidente<\/p>\n\n\n\n<p> Madame PELLET Christine  &gt;&gt; Tr\u00e9sori\u00e8re<\/p>\n\n\n\n<p>Madame JACQUEMARD Manon &gt;&gt; Secr\u00e9taire <\/p>\n\n\n\n<p>Madame BLANCHON Muriel>> Membre du bureau<\/p>\n\n\n\n<p>Madame GERMAIN Cl\u00e9mentine&gt;&gt; Membre du bureau <\/p>\n\n\n\n<p>Madame ALAS CARDOSO FALQUE Virginie&gt;&gt; Membre du Bureau  <\/p>\n\n\n\n<p>Madame FLEURET Murielle&gt;&gt; Membre du Bureau <\/p>\n\n\n\n<p>JOURDAN Daniel&gt;&gt; Membre du Bureau <\/p>\n\n\n\n<p>Mr POUSSET Pierre Louis &gt;&gt; Membre du bureau<\/p>\n\n\n\n<p>Mr JURINE Andr\u00e9 &gt;&gt; Membre du Bureau <\/p>\n\n\n\n<div data-wp-interactive=\"core\/file\" class=\"wp-block-file\"><object data-wp-bind--hidden=\"!state.hasPdfPreview\" hidden class=\"wp-block-file__embed\" data=\"https:\/\/www.centresocial-lagrandcroix.fr\/wp-content\/uploads\/2023\/07\/Jeudi-5-avril-eut-lieu-notre-assemblee-generale-.pdf\" type=\"application\/pdf\" style=\"width:100%;height:600px\" aria-label=\"Contenu embarqu\u00e9 Jeudi-5-avril-eut-lieu-notre-assemblee-generale-.\"><\/object><a id=\"wp-block-file--media-b93c9793-01f3-4c65-a26b-057e69fb5379\" href=\"https:\/\/www.centresocial-lagrandcroix.fr\/wp-content\/uploads\/2023\/07\/Jeudi-5-avril-eut-lieu-notre-assemblee-generale-.pdf\">Jeudi-5-avril-eut-lieu-notre-assemblee-generale-<\/a><a href=\"https:\/\/www.centresocial-lagrandcroix.fr\/wp-content\/uploads\/2023\/07\/Jeudi-5-avril-eut-lieu-notre-assemblee-generale-.pdf\" class=\"wp-block-file__button wp-element-button\" download aria-describedby=\"wp-block-file--media-b93c9793-01f3-4c65-a26b-057e69fb5379\">T\u00e9l\u00e9charger<\/a><\/div>\n\n\n\n<p><\/p>\n\n\n\n<p><\/p>\n","protected":false},"excerpt":{"rendered":"<p>Les administrateurs Mr PITIOT Emmanuel &gt;&gt; Pr\u00e9sident Madame HADJ &#8211; AZZEM Souhila &gt;&gt;Vice -Pr\u00e9sidente Madame PELLET Christine &gt;&gt; Tr\u00e9sori\u00e8re Madame JACQUEMARD Manon &gt;&gt; Secr\u00e9taire Madame BLANCHON Muriel>> Membre du bureau Madame GERMAIN Cl\u00e9mentine&gt;&gt; Membre du bureau Madame ALAS CARDOSO FALQUE<\/p>\n","protected":false},"author":1,"featured_media":0,"parent":0,"menu_order":0,"comment_status":"closed","ping_status":"closed","template":"","meta":{"footnotes":""},"class_list":["post-13","page","type-page","status-publish","hentry"],"yoast_head":"<!-- This site is optimized with the Yoast SEO plugin v27.5 - https:\/\/yoast.com\/product\/yoast-seo-wordpress\/ -->\n<title>L&#039;association - Centre Social les 2 rivi\u00e8res<\/title>\n<meta name=\"robots\" content=\"index, follow, max-snippet:-1, max-image-preview:large, max-video-preview:-1\" \/>\n<link rel=\"canonical\" href=\"https:\/\/www.2riv.fr\/index.php\/lassociation\/\" \/>\n<meta property=\"og:locale\" content=\"fr_FR\" \/>\n<meta property=\"og:type\" content=\"article\" \/>\n<meta property=\"og:title\" content=\"L&#039;association - Centre Social les 2 rivi\u00e8res\" \/>\n<meta property=\"og:description\" content=\"Les administrateurs Mr PITIOT Emmanuel &gt;&gt; Pr\u00e9sident Madame HADJ &#8211; AZZEM Souhila &gt;&gt;Vice -Pr\u00e9sidente Madame PELLET Christine &gt;&gt; Tr\u00e9sori\u00e8re Madame JACQUEMARD Manon &gt;&gt; Secr\u00e9taire Madame BLANCHON Muriel&gt;&gt; Membre du bureau Madame GERMAIN Cl\u00e9mentine&gt;&gt; Membre du bureau Madame ALAS CARDOSO FALQUE\" \/>\n<meta property=\"og:url\" content=\"https:\/\/www.2riv.fr\/index.php\/lassociation\/\" \/>\n<meta property=\"og:site_name\" content=\"Centre Social les 2 rivi\u00e8res\" \/>\n<meta name=\"twitter:card\" content=\"summary_large_image\" \/>\n<script type=\"application\/ld+json\" class=\"yoast-schema-graph\">{\"@context\":\"https:\\\/\\\/schema.org\",\"@graph\":[{\"@type\":\"WebPage\",\"@id\":\"https:\\\/\\\/www.2riv.fr\\\/index.php\\\/lassociation\\\/\",\"url\":\"https:\\\/\\\/www.2riv.fr\\\/index.php\\\/lassociation\\\/\",\"name\":\"L'association - Centre Social les 2 rivi\u00e8res\",\"isPartOf\":{\"@id\":\"https:\\\/\\\/www.2riv.fr\\\/#website\"},\"datePublished\":\"2021-07-02T06:36:33+00:00\",\"breadcrumb\":{\"@id\":\"https:\\\/\\\/www.2riv.fr\\\/index.php\\\/lassociation\\\/#breadcrumb\"},\"inLanguage\":\"fr-FR\",\"potentialAction\":[{\"@type\":\"ReadAction\",\"target\":[\"https:\\\/\\\/www.2riv.fr\\\/index.php\\\/lassociation\\\/\"]}]},{\"@type\":\"BreadcrumbList\",\"@id\":\"https:\\\/\\\/www.2riv.fr\\\/index.php\\\/lassociation\\\/#breadcrumb\",\"itemListElement\":[{\"@type\":\"ListItem\",\"position\":1,\"name\":\"Accueil\",\"item\":\"https:\\\/\\\/www.2riv.fr\\\/\"},{\"@type\":\"ListItem\",\"position\":2,\"name\":\"L&rsquo;association\"}]},{\"@type\":\"WebSite\",\"@id\":\"https:\\\/\\\/www.2riv.fr\\\/#website\",\"url\":\"https:\\\/\\\/www.2riv.fr\\\/\",\"name\":\"Centre Social les 2 rivi\u00e8res\",\"description\":\"(ancien Centre Social de Grand Croix)\",\"publisher\":{\"@id\":\"https:\\\/\\\/www.2riv.fr\\\/#organization\"},\"potentialAction\":[{\"@type\":\"SearchAction\",\"target\":{\"@type\":\"EntryPoint\",\"urlTemplate\":\"https:\\\/\\\/www.2riv.fr\\\/?s={search_term_string}\"},\"query-input\":{\"@type\":\"PropertyValueSpecification\",\"valueRequired\":true,\"valueName\":\"search_term_string\"}}],\"inLanguage\":\"fr-FR\"},{\"@type\":\"Organization\",\"@id\":\"https:\\\/\\\/www.2riv.fr\\\/#organization\",\"name\":\"Centre Social les 2 rivi\u00e8res\",\"url\":\"https:\\\/\\\/www.2riv.fr\\\/\",\"logo\":{\"@type\":\"ImageObject\",\"inLanguage\":\"fr-FR\",\"@id\":\"https:\\\/\\\/www.2riv.fr\\\/#\\\/schema\\\/logo\\\/image\\\/\",\"url\":\"https:\\\/\\\/www.2riv.fr\\\/wp-content\\\/uploads\\\/2025\\\/06\\\/logo-Centre-Social-Les-2-rivieres.png\",\"contentUrl\":\"https:\\\/\\\/www.2riv.fr\\\/wp-content\\\/uploads\\\/2025\\\/06\\\/logo-Centre-Social-Les-2-rivieres.png\",\"width\":540,\"height\":408,\"caption\":\"Centre Social les 2 rivi\u00e8res\"},\"image\":{\"@id\":\"https:\\\/\\\/www.2riv.fr\\\/#\\\/schema\\\/logo\\\/image\\\/\"}}]}<\/script>\n<!-- \/ Yoast SEO plugin. -->","yoast_head_json":{"title":"L'association - Centre Social les 2 rivi\u00e8res","robots":{"index":"index","follow":"follow","max-snippet":"max-snippet:-1","max-image-preview":"max-image-preview:large","max-video-preview":"max-video-preview:-1"},"canonical":"https:\/\/www.2riv.fr\/index.php\/lassociation\/","og_locale":"fr_FR","og_type":"article","og_title":"L'association - Centre Social les 2 rivi\u00e8res","og_description":"Les administrateurs Mr PITIOT Emmanuel &gt;&gt; Pr\u00e9sident Madame HADJ &#8211; AZZEM Souhila &gt;&gt;Vice -Pr\u00e9sidente Madame PELLET Christine &gt;&gt; Tr\u00e9sori\u00e8re Madame JACQUEMARD Manon &gt;&gt; Secr\u00e9taire Madame BLANCHON Muriel>> Membre du bureau Madame GERMAIN Cl\u00e9mentine&gt;&gt; Membre du bureau Madame ALAS CARDOSO FALQUE","og_url":"https:\/\/www.2riv.fr\/index.php\/lassociation\/","og_site_name":"Centre Social les 2 rivi\u00e8res","twitter_card":"summary_large_image","schema":{"@context":"https:\/\/schema.org","@graph":[{"@type":"WebPage","@id":"https:\/\/www.2riv.fr\/index.php\/lassociation\/","url":"https:\/\/www.2riv.fr\/index.php\/lassociation\/","name":"L'association - Centre Social les 2 rivi\u00e8res","isPartOf":{"@id":"https:\/\/www.2riv.fr\/#website"},"datePublished":"2021-07-02T06:36:33+00:00","breadcrumb":{"@id":"https:\/\/www.2riv.fr\/index.php\/lassociation\/#breadcrumb"},"inLanguage":"fr-FR","potentialAction":[{"@type":"ReadAction","target":["https:\/\/www.2riv.fr\/index.php\/lassociation\/"]}]},{"@type":"BreadcrumbList","@id":"https:\/\/www.2riv.fr\/index.php\/lassociation\/#breadcrumb","itemListElement":[{"@type":"ListItem","position":1,"name":"Accueil","item":"https:\/\/www.2riv.fr\/"},{"@type":"ListItem","position":2,"name":"L&rsquo;association"}]},{"@type":"WebSite","@id":"https:\/\/www.2riv.fr\/#website","url":"https:\/\/www.2riv.fr\/","name":"Centre Social les 2 rivi\u00e8res","description":"(ancien Centre Social de Grand Croix)","publisher":{"@id":"https:\/\/www.2riv.fr\/#organization"},"potentialAction":[{"@type":"SearchAction","target":{"@type":"EntryPoint","urlTemplate":"https:\/\/www.2riv.fr\/?s={search_term_string}"},"query-input":{"@type":"PropertyValueSpecification","valueRequired":true,"valueName":"search_term_string"}}],"inLanguage":"fr-FR"},{"@type":"Organization","@id":"https:\/\/www.2riv.fr\/#organization","name":"Centre Social les 2 rivi\u00e8res","url":"https:\/\/www.2riv.fr\/","logo":{"@type":"ImageObject","inLanguage":"fr-FR","@id":"https:\/\/www.2riv.fr\/#\/schema\/logo\/image\/","url":"https:\/\/www.2riv.fr\/wp-content\/uploads\/2025\/06\/logo-Centre-Social-Les-2-rivieres.png","contentUrl":"https:\/\/www.2riv.fr\/wp-content\/uploads\/2025\/06\/logo-Centre-Social-Les-2-rivieres.png","width":540,"height":408,"caption":"Centre Social les 2 rivi\u00e8res"},"image":{"@id":"https:\/\/www.2riv.fr\/#\/schema\/logo\/image\/"}}]}},"_links":{"self":[{"href":"https:\/\/www.2riv.fr\/index.php\/wp-json\/wp\/v2\/pages\/13","targetHints":{"allow":["GET"]}}],"collection":[{"href":"https:\/\/www.2riv.fr\/index.php\/wp-json\/wp\/v2\/pages"}],"about":[{"href":"https:\/\/www.2riv.fr\/index.php\/wp-json\/wp\/v2\/types\/page"}],"author":[{"embeddable":true,"href":"https:\/\/www.2riv.fr\/index.php\/wp-json\/wp\/v2\/users\/1"}],"replies":[{"embeddable":true,"href":"https:\/\/www.2riv.fr\/index.php\/wp-json\/wp\/v2\/comments?post=13"}],"version-history":[{"count":0,"href":"https:\/\/www.2riv.fr\/index.php\/wp-json\/wp\/v2\/pages\/13\/revisions"}],"wp:attachment":[{"href":"https:\/\/www.2riv.fr\/index.php\/wp-json\/wp\/v2\/media?parent=13"}],"curies":[{"name":"wp","href":"https:\/\/api.w.org\/{rel}","templated":true}]}}

<h2 class="wp-block-heading">Les administrateurs</h2>



<p>Mr PITIOT Emmanuel &gt;&gt; Président</p>



<p>Madame HADJ &#8211; AZZEM Souhila &gt;&gt;Vice -Présidente</p>



<p> Madame PELLET Christine  &gt;&gt; Trésorière</p>



<p>Madame JACQUEMARD Manon &gt;&gt; Secrétaire </p>



<p>Madame BLANCHON Muriel>> Membre du bureau</p>



<p>Madame GERMAIN Clémentine&gt;&gt; Membre du bureau </p>



<p>Madame ALAS CARDOSO FALQUE Virginie&gt;&gt; Membre du Bureau  </p>



<p>Madame FLEURET Murielle&gt;&gt; Membre du Bureau </p>



<p>JOURDAN Daniel&gt;&gt; Membre du Bureau </p>



<p>Mr POUSSET Pierre Louis &gt;&gt; Membre du bureau</p>



<p>Mr JURINE André &gt;&gt; Membre du Bureau </p>



<div data-wp-interactive="core/file" class="wp-block-file"><object data-wp-bind--hidden="!state.hasPdfPreview" hidden class="wp-block-file__embed" data="https://www.centresocial-lagrandcroix.fr/wp-content/uploads/2023/07/Jeudi-5-avril-eut-lieu-notre-assemblee-generale-.pdf" type="application/pdf" style="width:100%;height:600px" aria-label="Contenu embarqué Jeudi-5-avril-eut-lieu-notre-assemblee-generale-."></object><a id="wp-block-file--media-b93c9793-01f3-4c65-a26b-057e69fb5379" href="https://www.centresocial-lagrandcroix.fr/wp-content/uploads/2023/07/Jeudi-5-avril-eut-lieu-notre-assemblee-generale-.pdf">Jeudi-5-avril-eut-lieu-notre-assemblee-generale-</a><a href="https://www.centresocial-lagrandcroix.fr/wp-content/uploads/2023/07/Jeudi-5-avril-eut-lieu-notre-assemblee-generale-.pdf" class="wp-block-file__button wp-element-button" download aria-describedby="wp-block-file--media-b93c9793-01f3-4c65-a26b-057e69fb5379">Télécharger</a></div>



<p></p>



<p></p>

<p>Les administrateurs Mr PITIOT Emmanuel &gt;&gt; Président Madame HADJ &#8211; AZZEM Souhila &gt;&gt;Vice -Présidente Madame PELLET Christine &gt;&gt; Trésorière Madame JACQUEMARD Manon &gt;&gt; Secrétaire Madame BLANCHON Muriel>> Membre du bureau Madame GERMAIN Clémentine&gt;&gt; Membre du bureau Madame ALAS CARDOSO FALQUE</p>

<!-- This site is optimized with the Yoast SEO plugin v27.5 - https://yoast.com/product/yoast-seo-wordpress/ -->
<title>L&#039;association - Centre Social les 2 rivières</title>
<meta name="robots" content="index, follow, max-snippet:-1, max-image-preview:large, max-video-preview:-1" />
<link rel="canonical" href="https://www.2riv.fr/index.php/lassociation/" />
<meta property="og:locale" content="fr_FR" />
<meta property="og:type" content="article" />
<meta property="og:title" content="L&#039;association - Centre Social les 2 rivières" />
<meta property="og:description" content="Les administrateurs Mr PITIOT Emmanuel &gt;&gt; Président Madame HADJ &#8211; AZZEM Souhila &gt;&gt;Vice -Présidente Madame PELLET Christine &gt;&gt; Trésorière Madame JACQUEMARD Manon &gt;&gt; Secrétaire Madame BLANCHON Muriel&gt;&gt; Membre du bureau Madame GERMAIN Clémentine&gt;&gt; Membre du bureau Madame ALAS CARDOSO FALQUE" />
<meta property="og:url" content="https://www.2riv.fr/index.php/lassociation/" />
<meta property="og:site_name" content="Centre Social les 2 rivières" />
<meta name="twitter:card" content="summary_large_image" />
<script type="application/ld+json" class="yoast-schema-graph">{"@context":"https:\/\/schema.org","@graph":[{"@type":"WebPage","@id":"https:\/\/www.2riv.fr\/index.php\/lassociation\/","url":"https:\/\/www.2riv.fr\/index.php\/lassociation\/","name":"L'association - Centre Social les 2 rivières","isPartOf":{"@id":"https:\/\/www.2riv.fr\/#website"},"datePublished":"2021-07-02T06:36:33+00:00","breadcrumb":{"@id":"https:\/\/www.2riv.fr\/index.php\/lassociation\/#breadcrumb"},"inLanguage":"fr-FR","potentialAction":[{"@type":"ReadAction","target":["https:\/\/www.2riv.fr\/index.php\/lassociation\/"]}]},{"@type":"BreadcrumbList","@id":"https:\/\/www.2riv.fr\/index.php\/lassociation\/#breadcrumb","itemListElement":[{"@type":"ListItem","position":1,"name":"Accueil","item":"https:\/\/www.2riv.fr\/"},{"@type":"ListItem","position":2,"name":"L&rsquo;association"}]},{"@type":"WebSite","@id":"https:\/\/www.2riv.fr\/#website","url":"https:\/\/www.2riv.fr\/","name":"Centre Social les 2 rivières","description":"(ancien Centre Social de Grand Croix)","publisher":{"@id":"https:\/\/www.2riv.fr\/#organization"},"potentialAction":[{"@type":"SearchAction","target":{"@type":"EntryPoint","urlTemplate":"https:\/\/www.2riv.fr\/?s={search_term_string}"},"query-input":{"@type":"PropertyValueSpecification","valueRequired":true,"valueName":"search_term_string"}}],"inLanguage":"fr-FR"},{"@type":"Organization","@id":"https:\/\/www.2riv.fr\/#organization","name":"Centre Social les 2 rivières","url":"https:\/\/www.2riv.fr\/","logo":{"@type":"ImageObject","inLanguage":"fr-FR","@id":"https:\/\/www.2riv.fr\/#\/schema\/logo\/image\/","url":"https:\/\/www.2riv.fr\/wp-content\/uploads\/2025\/06\/logo-Centre-Social-Les-2-rivieres.png","contentUrl":"https:\/\/www.2riv.fr\/wp-content\/uploads\/2025\/06\/logo-Centre-Social-Les-2-rivieres.png","width":540,"height":408,"caption":"Centre Social les 2 rivières"},"image":{"@id":"https:\/\/www.2riv.fr\/#\/schema\/logo\/image\/"}}]}</script>
<!-- / Yoast SEO plugin. -->

L'association - Centre Social les 2 rivières

Les administrateurs Mr PITIOT Emmanuel &gt;&gt; Président Madame HADJ &#8211; AZZEM Souhila &gt;&gt;Vice -Présidente Madame PELLET Christine &gt;&gt; Trésorière Madame JACQUEMARD Manon &gt;&gt; Secrétaire Madame BLANCHON Muriel>> Membre du bureau Madame GERMAIN Clémentine&gt;&gt; Membre du bureau Madame ALAS CARDOSO FALQUE

Centre Social les 2 rivières
