{"id":271,"date":"2022-09-06T18:37:56","date_gmt":"2022-09-06T16:37:56","guid":{"rendered":"https:\/\/www.centresocial-lagrandcroix.fr\/?page_id=271"},"modified":"2026-05-04T10:34:36","modified_gmt":"2026-05-04T08:34:36","slug":"centre-de-loisirs","status":"publish","type":"page","link":"https:\/\/www.2riv.fr\/index.php\/centre-de-loisirs\/","title":{"rendered":"Centre de loisirs Vacances"},"content":{"rendered":"\n<p>Quelques photos des activit\u00e9s des vacances <\/p>\n\n\n\n<figure class=\"wp-block-gallery has-nested-images columns-default is-cropped wp-block-gallery-1 is-layout-flex wp-block-gallery-is-layout-flex\">\n<figure class=\"wp-block-image size-large\"><img loading=\"lazy\" decoding=\"async\" width=\"1024\" height=\"771\" data-id=\"2145\" src=\"https:\/\/www.2riv.fr\/wp-content\/uploads\/2026\/04\/IMG_20260408_151248-1024x771.jpg\" alt=\"\" class=\"wp-image-2145\" srcset=\"https:\/\/www.2riv.fr\/wp-content\/uploads\/2026\/04\/IMG_20260408_151248-1024x771.jpg 1024w, https:\/\/www.2riv.fr\/wp-content\/uploads\/2026\/04\/IMG_20260408_151248-300x226.jpg 300w, https:\/\/www.2riv.fr\/wp-content\/uploads\/2026\/04\/IMG_20260408_151248-768x578.jpg 768w, https:\/\/www.2riv.fr\/wp-content\/uploads\/2026\/04\/IMG_20260408_151248-1536x1157.jpg 1536w, https:\/\/www.2riv.fr\/wp-content\/uploads\/2026\/04\/IMG_20260408_151248-2048x1542.jpg 2048w\" sizes=\"auto, (max-width: 1024px) 100vw, 1024px\" \/><\/figure>\n\n\n\n<figure class=\"wp-block-image size-large\"><img loading=\"lazy\" decoding=\"async\" width=\"771\" height=\"1024\" data-id=\"2146\" src=\"https:\/\/www.2riv.fr\/wp-content\/uploads\/2026\/04\/IMG_20260408_151402-771x1024.jpg\" alt=\"\" class=\"wp-image-2146\" srcset=\"https:\/\/www.2riv.fr\/wp-content\/uploads\/2026\/04\/IMG_20260408_151402-771x1024.jpg 771w, https:\/\/www.2riv.fr\/wp-content\/uploads\/2026\/04\/IMG_20260408_151402-226x300.jpg 226w, https:\/\/www.2riv.fr\/wp-content\/uploads\/2026\/04\/IMG_20260408_151402-768x1020.jpg 768w, https:\/\/www.2riv.fr\/wp-content\/uploads\/2026\/04\/IMG_20260408_151402-1157x1536.jpg 1157w, https:\/\/www.2riv.fr\/wp-content\/uploads\/2026\/04\/IMG_20260408_151402-1542x2048.jpg 1542w, https:\/\/www.2riv.fr\/wp-content\/uploads\/2026\/04\/IMG_20260408_151402-scaled.jpg 1928w\" sizes=\"auto, (max-width: 771px) 100vw, 771px\" \/><\/figure>\n\n\n\n<figure class=\"wp-block-image size-large\"><img loading=\"lazy\" decoding=\"async\" width=\"771\" height=\"1024\" data-id=\"2148\" src=\"https:\/\/www.2riv.fr\/wp-content\/uploads\/2026\/04\/IMG_20260408_151440-771x1024.jpg\" alt=\"\" class=\"wp-image-2148\" srcset=\"https:\/\/www.2riv.fr\/wp-content\/uploads\/2026\/04\/IMG_20260408_151440-771x1024.jpg 771w, https:\/\/www.2riv.fr\/wp-content\/uploads\/2026\/04\/IMG_20260408_151440-226x300.jpg 226w, https:\/\/www.2riv.fr\/wp-content\/uploads\/2026\/04\/IMG_20260408_151440-768x1020.jpg 768w, https:\/\/www.2riv.fr\/wp-content\/uploads\/2026\/04\/IMG_20260408_151440-1157x1536.jpg 1157w, https:\/\/www.2riv.fr\/wp-content\/uploads\/2026\/04\/IMG_20260408_151440-1542x2048.jpg 1542w, https:\/\/www.2riv.fr\/wp-content\/uploads\/2026\/04\/IMG_20260408_151440-scaled.jpg 1928w\" sizes=\"auto, (max-width: 771px) 100vw, 771px\" \/><\/figure>\n\n\n\n<figure class=\"wp-block-image size-large\"><img loading=\"lazy\" decoding=\"async\" width=\"1024\" height=\"771\" data-id=\"2150\" src=\"https:\/\/www.2riv.fr\/wp-content\/uploads\/2026\/04\/IMG_20260408_151114-1024x771.jpg\" alt=\"\" class=\"wp-image-2150\" srcset=\"https:\/\/www.2riv.fr\/wp-content\/uploads\/2026\/04\/IMG_20260408_151114-1024x771.jpg 1024w, https:\/\/www.2riv.fr\/wp-content\/uploads\/2026\/04\/IMG_20260408_151114-300x226.jpg 300w, https:\/\/www.2riv.fr\/wp-content\/uploads\/2026\/04\/IMG_20260408_151114-768x578.jpg 768w, https:\/\/www.2riv.fr\/wp-content\/uploads\/2026\/04\/IMG_20260408_151114-1536x1157.jpg 1536w, https:\/\/www.2riv.fr\/wp-content\/uploads\/2026\/04\/IMG_20260408_151114-2048x1542.jpg 2048w\" sizes=\"auto, (max-width: 1024px) 100vw, 1024px\" \/><\/figure>\n\n\n\n<figure class=\"wp-block-image size-large\"><img loading=\"lazy\" decoding=\"async\" width=\"1024\" height=\"771\" data-id=\"2153\" src=\"https:\/\/www.2riv.fr\/wp-content\/uploads\/2026\/04\/IMG_20260408_144822-1024x771.jpg\" alt=\"\" class=\"wp-image-2153\" srcset=\"https:\/\/www.2riv.fr\/wp-content\/uploads\/2026\/04\/IMG_20260408_144822-1024x771.jpg 1024w, https:\/\/www.2riv.fr\/wp-content\/uploads\/2026\/04\/IMG_20260408_144822-300x226.jpg 300w, https:\/\/www.2riv.fr\/wp-content\/uploads\/2026\/04\/IMG_20260408_144822-768x578.jpg 768w, https:\/\/www.2riv.fr\/wp-content\/uploads\/2026\/04\/IMG_20260408_144822-1536x1157.jpg 1536w, https:\/\/www.2riv.fr\/wp-content\/uploads\/2026\/04\/IMG_20260408_144822-2048x1542.jpg 2048w\" sizes=\"auto, (max-width: 1024px) 100vw, 1024px\" \/><\/figure>\n\n\n\n<figure class=\"wp-block-image size-large\"><img loading=\"lazy\" decoding=\"async\" width=\"771\" height=\"1024\" data-id=\"2154\" src=\"https:\/\/www.2riv.fr\/wp-content\/uploads\/2026\/04\/IMG_20260408_145139-771x1024.jpg\" alt=\"\" class=\"wp-image-2154\" srcset=\"https:\/\/www.2riv.fr\/wp-content\/uploads\/2026\/04\/IMG_20260408_145139-771x1024.jpg 771w, https:\/\/www.2riv.fr\/wp-content\/uploads\/2026\/04\/IMG_20260408_145139-226x300.jpg 226w, https:\/\/www.2riv.fr\/wp-content\/uploads\/2026\/04\/IMG_20260408_145139-768x1020.jpg 768w, https:\/\/www.2riv.fr\/wp-content\/uploads\/2026\/04\/IMG_20260408_145139-1157x1536.jpg 1157w, https:\/\/www.2riv.fr\/wp-content\/uploads\/2026\/04\/IMG_20260408_145139-1542x2048.jpg 1542w, https:\/\/www.2riv.fr\/wp-content\/uploads\/2026\/04\/IMG_20260408_145139-scaled.jpg 1928w\" sizes=\"auto, (max-width: 771px) 100vw, 771px\" \/><\/figure>\n\n\n\n<figure class=\"wp-block-image size-large\"><img loading=\"lazy\" decoding=\"async\" width=\"771\" height=\"1024\" data-id=\"2155\" src=\"https:\/\/www.2riv.fr\/wp-content\/uploads\/2026\/04\/IMG_20260408_145552-2-771x1024.jpg\" alt=\"\" class=\"wp-image-2155\" srcset=\"https:\/\/www.2riv.fr\/wp-content\/uploads\/2026\/04\/IMG_20260408_145552-2-771x1024.jpg 771w, https:\/\/www.2riv.fr\/wp-content\/uploads\/2026\/04\/IMG_20260408_145552-2-226x300.jpg 226w, https:\/\/www.2riv.fr\/wp-content\/uploads\/2026\/04\/IMG_20260408_145552-2-768x1020.jpg 768w, https:\/\/www.2riv.fr\/wp-content\/uploads\/2026\/04\/IMG_20260408_145552-2-1157x1536.jpg 1157w, https:\/\/www.2riv.fr\/wp-content\/uploads\/2026\/04\/IMG_20260408_145552-2-1542x2048.jpg 1542w, https:\/\/www.2riv.fr\/wp-content\/uploads\/2026\/04\/IMG_20260408_145552-2-scaled.jpg 1928w\" sizes=\"auto, (max-width: 771px) 100vw, 771px\" \/><\/figure>\n\n\n\n<figure class=\"wp-block-image size-large\"><img loading=\"lazy\" decoding=\"async\" width=\"771\" height=\"1024\" data-id=\"2156\" src=\"https:\/\/www.2riv.fr\/wp-content\/uploads\/2026\/04\/IMG_20260408_151440-1-771x1024.jpg\" alt=\"\" class=\"wp-image-2156\" srcset=\"https:\/\/www.2riv.fr\/wp-content\/uploads\/2026\/04\/IMG_20260408_151440-1-771x1024.jpg 771w, https:\/\/www.2riv.fr\/wp-content\/uploads\/2026\/04\/IMG_20260408_151440-1-226x300.jpg 226w, https:\/\/www.2riv.fr\/wp-content\/uploads\/2026\/04\/IMG_20260408_151440-1-768x1020.jpg 768w, https:\/\/www.2riv.fr\/wp-content\/uploads\/2026\/04\/IMG_20260408_151440-1-1157x1536.jpg 1157w, https:\/\/www.2riv.fr\/wp-content\/uploads\/2026\/04\/IMG_20260408_151440-1-1542x2048.jpg 1542w, https:\/\/www.2riv.fr\/wp-content\/uploads\/2026\/04\/IMG_20260408_151440-1-scaled.jpg 1928w\" sizes=\"auto, (max-width: 771px) 100vw, 771px\" \/><\/figure>\n\n\n\n<figure class=\"wp-block-image size-large\"><img loading=\"lazy\" decoding=\"async\" width=\"1024\" height=\"771\" data-id=\"2157\" src=\"https:\/\/www.2riv.fr\/wp-content\/uploads\/2026\/04\/1775567726617-1024x771.jpg\" alt=\"\" class=\"wp-image-2157\" srcset=\"https:\/\/www.2riv.fr\/wp-content\/uploads\/2026\/04\/1775567726617-1024x771.jpg 1024w, https:\/\/www.2riv.fr\/wp-content\/uploads\/2026\/04\/1775567726617-300x226.jpg 300w, https:\/\/www.2riv.fr\/wp-content\/uploads\/2026\/04\/1775567726617-768x578.jpg 768w, https:\/\/www.2riv.fr\/wp-content\/uploads\/2026\/04\/1775567726617-1536x1157.jpg 1536w, https:\/\/www.2riv.fr\/wp-content\/uploads\/2026\/04\/1775567726617-2048x1542.jpg 2048w\" sizes=\"auto, (max-width: 1024px) 100vw, 1024px\" \/><\/figure>\n\n\n\n<figure class=\"wp-block-image size-large\"><img loading=\"lazy\" decoding=\"async\" width=\"1020\" height=\"765\" data-id=\"2161\" src=\"https:\/\/www.2riv.fr\/wp-content\/uploads\/2026\/04\/20260409_110226.jpg\" alt=\"\" class=\"wp-image-2161\" srcset=\"https:\/\/www.2riv.fr\/wp-content\/uploads\/2026\/04\/20260409_110226.jpg 1020w, https:\/\/www.2riv.fr\/wp-content\/uploads\/2026\/04\/20260409_110226-300x225.jpg 300w, https:\/\/www.2riv.fr\/wp-content\/uploads\/2026\/04\/20260409_110226-768x576.jpg 768w\" sizes=\"auto, (max-width: 1020px) 100vw, 1020px\" \/><\/figure>\n<\/figure>\n\n\n\n<p>PROGRAMME DES VACANCES DE PRINTEMPS 2026<\/p>\n\n\n\n<div data-wp-interactive=\"core\/file\" class=\"wp-block-file\"><object data-wp-bind--hidden=\"!state.hasPdfPreview\" hidden class=\"wp-block-file__embed\" data=\"https:\/\/www.2riv.fr\/wp-content\/uploads\/2026\/03\/Programme-vacances-printemps-site.pdf\" type=\"application\/pdf\" style=\"width:100%;height:600px\" aria-label=\"Contenu embarqu\u00e9 Programme vacances printemps - site.\"><\/object><a id=\"wp-block-file--media-894ebcbc-39e5-4ec1-a58a-5f4b37bf1256\" href=\"https:\/\/www.2riv.fr\/wp-content\/uploads\/2026\/03\/Programme-vacances-printemps-site.pdf\">Programme vacances printemps &#8211; site<\/a><a href=\"https:\/\/www.2riv.fr\/wp-content\/uploads\/2026\/03\/Programme-vacances-printemps-site.pdf\" class=\"wp-block-file__button wp-element-button\" download aria-describedby=\"wp-block-file--media-894ebcbc-39e5-4ec1-a58a-5f4b37bf1256\">T\u00e9l\u00e9charger<\/a><\/div>\n\n\n\n<p>Hum ! atelier p\u00e2tisserie italienne propos\u00e9 par nos b\u00e9n\u00e9voles<\/p>\n\n\n\n<figure class=\"wp-block-gallery has-nested-images columns-default is-cropped wp-block-gallery-2 is-layout-flex wp-block-gallery-is-layout-flex\">\n<figure class=\"wp-block-image size-large\"><img loading=\"lazy\" decoding=\"async\" width=\"1024\" height=\"771\" data-id=\"2116\" src=\"https:\/\/www.2riv.fr\/wp-content\/uploads\/2026\/02\/1771325722800-1024x771.jpg\" alt=\"\" class=\"wp-image-2116\" srcset=\"https:\/\/www.2riv.fr\/wp-content\/uploads\/2026\/02\/1771325722800-1024x771.jpg 1024w, https:\/\/www.2riv.fr\/wp-content\/uploads\/2026\/02\/1771325722800-300x226.jpg 300w, https:\/\/www.2riv.fr\/wp-content\/uploads\/2026\/02\/1771325722800-768x578.jpg 768w, https:\/\/www.2riv.fr\/wp-content\/uploads\/2026\/02\/1771325722800-1536x1157.jpg 1536w, https:\/\/www.2riv.fr\/wp-content\/uploads\/2026\/02\/1771325722800-2048x1542.jpg 2048w\" sizes=\"auto, (max-width: 1024px) 100vw, 1024px\" \/><\/figure>\n\n\n\n<figure class=\"wp-block-image size-large\"><img loading=\"lazy\" decoding=\"async\" width=\"1024\" height=\"771\" data-id=\"2117\" src=\"https:\/\/www.2riv.fr\/wp-content\/uploads\/2026\/02\/1771325722780-1024x771.jpg\" alt=\"\" class=\"wp-image-2117\" srcset=\"https:\/\/www.2riv.fr\/wp-content\/uploads\/2026\/02\/1771325722780-1024x771.jpg 1024w, https:\/\/www.2riv.fr\/wp-content\/uploads\/2026\/02\/1771325722780-300x226.jpg 300w, https:\/\/www.2riv.fr\/wp-content\/uploads\/2026\/02\/1771325722780-768x578.jpg 768w, https:\/\/www.2riv.fr\/wp-content\/uploads\/2026\/02\/1771325722780-1536x1157.jpg 1536w, https:\/\/www.2riv.fr\/wp-content\/uploads\/2026\/02\/1771325722780-2048x1542.jpg 2048w\" sizes=\"auto, (max-width: 1024px) 100vw, 1024px\" \/><\/figure>\n\n\n\n<figure class=\"wp-block-image size-large\"><img loading=\"lazy\" decoding=\"async\" width=\"1024\" height=\"771\" data-id=\"2118\" src=\"https:\/\/www.2riv.fr\/wp-content\/uploads\/2026\/02\/1771325722758-1024x771.jpg\" alt=\"\" class=\"wp-image-2118\" srcset=\"https:\/\/www.2riv.fr\/wp-content\/uploads\/2026\/02\/1771325722758-1024x771.jpg 1024w, https:\/\/www.2riv.fr\/wp-content\/uploads\/2026\/02\/1771325722758-300x226.jpg 300w, https:\/\/www.2riv.fr\/wp-content\/uploads\/2026\/02\/1771325722758-768x578.jpg 768w, https:\/\/www.2riv.fr\/wp-content\/uploads\/2026\/02\/1771325722758-1536x1157.jpg 1536w, https:\/\/www.2riv.fr\/wp-content\/uploads\/2026\/02\/1771325722758-2048x1542.jpg 2048w\" sizes=\"auto, (max-width: 1024px) 100vw, 1024px\" \/><\/figure>\n\n\n\n<figure class=\"wp-block-image size-large\"><img loading=\"lazy\" decoding=\"async\" width=\"1024\" height=\"771\" data-id=\"2119\" src=\"https:\/\/www.2riv.fr\/wp-content\/uploads\/2026\/02\/1771325722735-1024x771.jpg\" alt=\"\" class=\"wp-image-2119\" srcset=\"https:\/\/www.2riv.fr\/wp-content\/uploads\/2026\/02\/1771325722735-1024x771.jpg 1024w, https:\/\/www.2riv.fr\/wp-content\/uploads\/2026\/02\/1771325722735-300x226.jpg 300w, https:\/\/www.2riv.fr\/wp-content\/uploads\/2026\/02\/1771325722735-768x578.jpg 768w, https:\/\/www.2riv.fr\/wp-content\/uploads\/2026\/02\/1771325722735-1536x1157.jpg 1536w, https:\/\/www.2riv.fr\/wp-content\/uploads\/2026\/02\/1771325722735-2048x1542.jpg 2048w\" sizes=\"auto, (max-width: 1024px) 100vw, 1024px\" \/><\/figure>\n\n\n\n<figure class=\"wp-block-image size-large\"><img loading=\"lazy\" decoding=\"async\" width=\"1024\" height=\"771\" data-id=\"2120\" src=\"https:\/\/www.2riv.fr\/wp-content\/uploads\/2026\/02\/1771325722707-1024x771.jpg\" alt=\"\" class=\"wp-image-2120\" srcset=\"https:\/\/www.2riv.fr\/wp-content\/uploads\/2026\/02\/1771325722707-1024x771.jpg 1024w, https:\/\/www.2riv.fr\/wp-content\/uploads\/2026\/02\/1771325722707-300x226.jpg 300w, https:\/\/www.2riv.fr\/wp-content\/uploads\/2026\/02\/1771325722707-768x578.jpg 768w, https:\/\/www.2riv.fr\/wp-content\/uploads\/2026\/02\/1771325722707-1536x1157.jpg 1536w, https:\/\/www.2riv.fr\/wp-content\/uploads\/2026\/02\/1771325722707-2048x1542.jpg 2048w\" sizes=\"auto, (max-width: 1024px) 100vw, 1024px\" \/><\/figure>\n<\/figure>\n\n\n\n<p><\/p>\n","protected":false},"excerpt":{"rendered":"<p>Quelques photos des activit\u00e9s des vacances PROGRAMME DES VACANCES DE PRINTEMPS 2026 Hum ! atelier p\u00e2tisserie italienne propos\u00e9 par nos b\u00e9n\u00e9voles<\/p>\n","protected":false},"author":1,"featured_media":0,"parent":0,"menu_order":0,"comment_status":"closed","ping_status":"closed","template":"","meta":{"footnotes":""},"class_list":["post-271","page","type-page","status-publish","hentry"],"yoast_head":"<!-- This site is optimized with the Yoast SEO plugin v27.6 - https:\/\/yoast.com\/product\/yoast-seo-wordpress\/ -->\n<title>Centre de loisirs Vacances - Centre Social les 2 rivi\u00e8res<\/title>\n<meta name=\"robots\" content=\"index, follow, max-snippet:-1, max-image-preview:large, max-video-preview:-1\" \/>\n<link rel=\"canonical\" href=\"https:\/\/www.2riv.fr\/index.php\/centre-de-loisirs\/\" \/>\n<meta property=\"og:locale\" content=\"fr_FR\" \/>\n<meta property=\"og:type\" content=\"article\" \/>\n<meta property=\"og:title\" content=\"Centre de loisirs Vacances - Centre Social les 2 rivi\u00e8res\" \/>\n<meta property=\"og:description\" content=\"Quelques photos des activit\u00e9s des vacances PROGRAMME DES VACANCES DE PRINTEMPS 2026 Hum ! atelier p\u00e2tisserie italienne propos\u00e9 par nos b\u00e9n\u00e9voles\" \/>\n<meta property=\"og:url\" content=\"https:\/\/www.2riv.fr\/index.php\/centre-de-loisirs\/\" \/>\n<meta property=\"og:site_name\" content=\"Centre Social les 2 rivi\u00e8res\" \/>\n<meta property=\"article:modified_time\" content=\"2026-05-04T08:34:36+00:00\" \/>\n<meta property=\"og:image\" content=\"https:\/\/www.2riv.fr\/wp-content\/uploads\/2026\/04\/IMG_20260408_151248-scaled.jpg\" \/>\n\t<meta property=\"og:image:width\" content=\"2560\" \/>\n\t<meta property=\"og:image:height\" content=\"1928\" \/>\n\t<meta property=\"og:image:type\" content=\"image\/jpeg\" \/>\n<meta name=\"twitter:card\" content=\"summary_large_image\" \/>\n<meta name=\"twitter:label1\" content=\"Dur\u00e9e de lecture estim\u00e9e\" \/>\n\t<meta name=\"twitter:data1\" content=\"4 minutes\" \/>\n<script type=\"application\/ld+json\" class=\"yoast-schema-graph\">{\"@context\":\"https:\\\/\\\/schema.org\",\"@graph\":[{\"@type\":\"WebPage\",\"@id\":\"https:\\\/\\\/www.2riv.fr\\\/index.php\\\/centre-de-loisirs\\\/\",\"url\":\"https:\\\/\\\/www.2riv.fr\\\/index.php\\\/centre-de-loisirs\\\/\",\"name\":\"Centre de loisirs Vacances - Centre Social les 2 rivi\u00e8res\",\"isPartOf\":{\"@id\":\"https:\\\/\\\/www.2riv.fr\\\/#website\"},\"primaryImageOfPage\":{\"@id\":\"https:\\\/\\\/www.2riv.fr\\\/index.php\\\/centre-de-loisirs\\\/#primaryimage\"},\"image\":{\"@id\":\"https:\\\/\\\/www.2riv.fr\\\/index.php\\\/centre-de-loisirs\\\/#primaryimage\"},\"thumbnailUrl\":\"https:\\\/\\\/www.2riv.fr\\\/wp-content\\\/uploads\\\/2026\\\/04\\\/IMG_20260408_151248-1024x771.jpg\",\"datePublished\":\"2022-09-06T16:37:56+00:00\",\"dateModified\":\"2026-05-04T08:34:36+00:00\",\"breadcrumb\":{\"@id\":\"https:\\\/\\\/www.2riv.fr\\\/index.php\\\/centre-de-loisirs\\\/#breadcrumb\"},\"inLanguage\":\"fr-FR\",\"potentialAction\":[{\"@type\":\"ReadAction\",\"target\":[\"https:\\\/\\\/www.2riv.fr\\\/index.php\\\/centre-de-loisirs\\\/\"]}]},{\"@type\":\"ImageObject\",\"inLanguage\":\"fr-FR\",\"@id\":\"https:\\\/\\\/www.2riv.fr\\\/index.php\\\/centre-de-loisirs\\\/#primaryimage\",\"url\":\"https:\\\/\\\/www.2riv.fr\\\/wp-content\\\/uploads\\\/2026\\\/04\\\/IMG_20260408_151248-scaled.jpg\",\"contentUrl\":\"https:\\\/\\\/www.2riv.fr\\\/wp-content\\\/uploads\\\/2026\\\/04\\\/IMG_20260408_151248-scaled.jpg\",\"width\":2560,\"height\":1928},{\"@type\":\"BreadcrumbList\",\"@id\":\"https:\\\/\\\/www.2riv.fr\\\/index.php\\\/centre-de-loisirs\\\/#breadcrumb\",\"itemListElement\":[{\"@type\":\"ListItem\",\"position\":1,\"name\":\"Accueil\",\"item\":\"https:\\\/\\\/www.2riv.fr\\\/\"},{\"@type\":\"ListItem\",\"position\":2,\"name\":\"Centre de loisirs Vacances\"}]},{\"@type\":\"WebSite\",\"@id\":\"https:\\\/\\\/www.2riv.fr\\\/#website\",\"url\":\"https:\\\/\\\/www.2riv.fr\\\/\",\"name\":\"Centre Social les 2 rivi\u00e8res\",\"description\":\"(ancien Centre Social de Grand Croix)\",\"publisher\":{\"@id\":\"https:\\\/\\\/www.2riv.fr\\\/#organization\"},\"potentialAction\":[{\"@type\":\"SearchAction\",\"target\":{\"@type\":\"EntryPoint\",\"urlTemplate\":\"https:\\\/\\\/www.2riv.fr\\\/?s={search_term_string}\"},\"query-input\":{\"@type\":\"PropertyValueSpecification\",\"valueRequired\":true,\"valueName\":\"search_term_string\"}}],\"inLanguage\":\"fr-FR\"},{\"@type\":\"Organization\",\"@id\":\"https:\\\/\\\/www.2riv.fr\\\/#organization\",\"name\":\"Centre Social les 2 rivi\u00e8res\",\"url\":\"https:\\\/\\\/www.2riv.fr\\\/\",\"logo\":{\"@type\":\"ImageObject\",\"inLanguage\":\"fr-FR\",\"@id\":\"https:\\\/\\\/www.2riv.fr\\\/#\\\/schema\\\/logo\\\/image\\\/\",\"url\":\"https:\\\/\\\/www.2riv.fr\\\/wp-content\\\/uploads\\\/2025\\\/06\\\/logo-Centre-Social-Les-2-rivieres.png\",\"contentUrl\":\"https:\\\/\\\/www.2riv.fr\\\/wp-content\\\/uploads\\\/2025\\\/06\\\/logo-Centre-Social-Les-2-rivieres.png\",\"width\":540,\"height\":408,\"caption\":\"Centre Social les 2 rivi\u00e8res\"},\"image\":{\"@id\":\"https:\\\/\\\/www.2riv.fr\\\/#\\\/schema\\\/logo\\\/image\\\/\"}}]}<\/script>\n<!-- \/ Yoast SEO plugin. -->","yoast_head_json":{"title":"Centre de loisirs Vacances - Centre Social les 2 rivi\u00e8res","robots":{"index":"index","follow":"follow","max-snippet":"max-snippet:-1","max-image-preview":"max-image-preview:large","max-video-preview":"max-video-preview:-1"},"canonical":"https:\/\/www.2riv.fr\/index.php\/centre-de-loisirs\/","og_locale":"fr_FR","og_type":"article","og_title":"Centre de loisirs Vacances - Centre Social les 2 rivi\u00e8res","og_description":"Quelques photos des activit\u00e9s des vacances PROGRAMME DES VACANCES DE PRINTEMPS 2026 Hum ! atelier p\u00e2tisserie italienne propos\u00e9 par nos b\u00e9n\u00e9voles","og_url":"https:\/\/www.2riv.fr\/index.php\/centre-de-loisirs\/","og_site_name":"Centre Social les 2 rivi\u00e8res","article_modified_time":"2026-05-04T08:34:36+00:00","og_image":[{"width":2560,"height":1928,"url":"https:\/\/www.2riv.fr\/wp-content\/uploads\/2026\/04\/IMG_20260408_151248-scaled.jpg","type":"image\/jpeg"}],"twitter_card":"summary_large_image","twitter_misc":{"Dur\u00e9e de lecture estim\u00e9e":"4 minutes"},"schema":{"@context":"https:\/\/schema.org","@graph":[{"@type":"WebPage","@id":"https:\/\/www.2riv.fr\/index.php\/centre-de-loisirs\/","url":"https:\/\/www.2riv.fr\/index.php\/centre-de-loisirs\/","name":"Centre de loisirs Vacances - Centre Social les 2 rivi\u00e8res","isPartOf":{"@id":"https:\/\/www.2riv.fr\/#website"},"primaryImageOfPage":{"@id":"https:\/\/www.2riv.fr\/index.php\/centre-de-loisirs\/#primaryimage"},"image":{"@id":"https:\/\/www.2riv.fr\/index.php\/centre-de-loisirs\/#primaryimage"},"thumbnailUrl":"https:\/\/www.2riv.fr\/wp-content\/uploads\/2026\/04\/IMG_20260408_151248-1024x771.jpg","datePublished":"2022-09-06T16:37:56+00:00","dateModified":"2026-05-04T08:34:36+00:00","breadcrumb":{"@id":"https:\/\/www.2riv.fr\/index.php\/centre-de-loisirs\/#breadcrumb"},"inLanguage":"fr-FR","potentialAction":[{"@type":"ReadAction","target":["https:\/\/www.2riv.fr\/index.php\/centre-de-loisirs\/"]}]},{"@type":"ImageObject","inLanguage":"fr-FR","@id":"https:\/\/www.2riv.fr\/index.php\/centre-de-loisirs\/#primaryimage","url":"https:\/\/www.2riv.fr\/wp-content\/uploads\/2026\/04\/IMG_20260408_151248-scaled.jpg","contentUrl":"https:\/\/www.2riv.fr\/wp-content\/uploads\/2026\/04\/IMG_20260408_151248-scaled.jpg","width":2560,"height":1928},{"@type":"BreadcrumbList","@id":"https:\/\/www.2riv.fr\/index.php\/centre-de-loisirs\/#breadcrumb","itemListElement":[{"@type":"ListItem","position":1,"name":"Accueil","item":"https:\/\/www.2riv.fr\/"},{"@type":"ListItem","position":2,"name":"Centre de loisirs Vacances"}]},{"@type":"WebSite","@id":"https:\/\/www.2riv.fr\/#website","url":"https:\/\/www.2riv.fr\/","name":"Centre Social les 2 rivi\u00e8res","description":"(ancien Centre Social de Grand Croix)","publisher":{"@id":"https:\/\/www.2riv.fr\/#organization"},"potentialAction":[{"@type":"SearchAction","target":{"@type":"EntryPoint","urlTemplate":"https:\/\/www.2riv.fr\/?s={search_term_string}"},"query-input":{"@type":"PropertyValueSpecification","valueRequired":true,"valueName":"search_term_string"}}],"inLanguage":"fr-FR"},{"@type":"Organization","@id":"https:\/\/www.2riv.fr\/#organization","name":"Centre Social les 2 rivi\u00e8res","url":"https:\/\/www.2riv.fr\/","logo":{"@type":"ImageObject","inLanguage":"fr-FR","@id":"https:\/\/www.2riv.fr\/#\/schema\/logo\/image\/","url":"https:\/\/www.2riv.fr\/wp-content\/uploads\/2025\/06\/logo-Centre-Social-Les-2-rivieres.png","contentUrl":"https:\/\/www.2riv.fr\/wp-content\/uploads\/2025\/06\/logo-Centre-Social-Les-2-rivieres.png","width":540,"height":408,"caption":"Centre Social les 2 rivi\u00e8res"},"image":{"@id":"https:\/\/www.2riv.fr\/#\/schema\/logo\/image\/"}}]}},"_links":{"self":[{"href":"https:\/\/www.2riv.fr\/index.php\/wp-json\/wp\/v2\/pages\/271","targetHints":{"allow":["GET"]}}],"collection":[{"href":"https:\/\/www.2riv.fr\/index.php\/wp-json\/wp\/v2\/pages"}],"about":[{"href":"https:\/\/www.2riv.fr\/index.php\/wp-json\/wp\/v2\/types\/page"}],"author":[{"embeddable":true,"href":"https:\/\/www.2riv.fr\/index.php\/wp-json\/wp\/v2\/users\/1"}],"replies":[{"embeddable":true,"href":"https:\/\/www.2riv.fr\/index.php\/wp-json\/wp\/v2\/comments?post=271"}],"version-history":[{"count":48,"href":"https:\/\/www.2riv.fr\/index.php\/wp-json\/wp\/v2\/pages\/271\/revisions"}],"predecessor-version":[{"id":2184,"href":"https:\/\/www.2riv.fr\/index.php\/wp-json\/wp\/v2\/pages\/271\/revisions\/2184"}],"wp:attachment":[{"href":"https:\/\/www.2riv.fr\/index.php\/wp-json\/wp\/v2\/media?parent=271"}],"curies":[{"name":"wp","href":"https:\/\/api.w.org\/{rel}","templated":true}]}}